{"id":8379,"date":"2026-05-04T17:04:23","date_gmt":"2026-05-04T15:04:23","guid":{"rendered":"https:\/\/letraindepapicoco.ovh\/?page_id=8379"},"modified":"2026-05-05T11:14:00","modified_gmt":"2026-05-05T09:14:00","slug":"4-velorail-virtuel","status":"publish","type":"page","link":"https:\/\/letraindepapicoco.ovh\/index.php\/4-velorail-virtuel\/","title":{"rendered":"4 &#8211; v\u00e9lorail virtuel"},"content":{"rendered":"\n<figure class=\"wp-block-image size-full\"><a href=\"https:\/\/letraindepapicoco.ovh\/\"><img loading=\"lazy\" decoding=\"async\" width=\"400\" height=\"90\" src=\"https:\/\/letraindepapicoco.ovh\/wp-content\/uploads\/2024\/07\/letraindepapicoco.jpg\" alt=\"\" class=\"wp-image-3552\" srcset=\"https:\/\/letraindepapicoco.ovh\/wp-content\/uploads\/2024\/07\/letraindepapicoco.jpg 400w, https:\/\/letraindepapicoco.ovh\/wp-content\/uploads\/2024\/07\/letraindepapicoco-300x68.jpg 300w\" sizes=\"auto, (max-width: 400px) 100vw, 400px\" \/><\/a><\/figure>\n\n\n\n<div class=\"wp-block-group is-nowrap is-layout-flex wp-container-core-group-is-layout-c0d5ccf6 wp-block-group-is-layout-flex\">\n<figure class=\"wp-block-image size-full\"><img loading=\"lazy\" decoding=\"async\" width=\"264\" height=\"90\" src=\"https:\/\/letraindepapicoco.ovh\/wp-content\/uploads\/2025\/12\/velorail-2026.jpg\" alt=\"\" class=\"wp-image-5392\"\/><\/figure>\n\n\n\n<figure class=\"wp-block-image size-full\"><a href=\"https:\/\/letraindepapicoco.ovh\/wp-content\/uploads\/2026\/05\/lt2pc119.htm\"><img loading=\"lazy\" decoding=\"async\" width=\"120\" height=\"90\" src=\"https:\/\/letraindepapicoco.ovh\/wp-content\/uploads\/2026\/05\/france.jpg\" alt=\"\" class=\"wp-image-8413\"\/><\/a><\/figure>\n\n\n\n<figure class=\"wp-block-image size-full\"><img loading=\"lazy\" decoding=\"async\" width=\"184\" height=\"90\" src=\"https:\/\/letraindepapicoco.ovh\/wp-content\/uploads\/2026\/05\/autrespays.jpg\" alt=\"\" class=\"wp-image-8414\"\/><\/figure>\n\n\n\n<figure class=\"wp-block-image size-full\"><img loading=\"lazy\" decoding=\"async\" width=\"128\" height=\"90\" src=\"https:\/\/letraindepapicoco.ovh\/wp-content\/uploads\/2026\/02\/chaines.jpg\" alt=\"\" class=\"wp-image-7388\"\/><\/figure>\n<\/div>\n\n\n\n<hr class=\"wp-block-separator has-alpha-channel-opacity\"\/>\n\n\n\n<div class=\"wp-block-group is-nowrap is-layout-flex wp-container-core-group-is-layout-6c531013 wp-block-group-is-layout-flex\">\n<figure class=\"wp-block-image size-full\"><img loading=\"lazy\" decoding=\"async\" width=\"62\" height=\"64\" src=\"https:\/\/letraindepapicoco.ovh\/wp-content\/uploads\/2026\/04\/danger-bis.jpg\" alt=\"\" class=\"wp-image-8206\"\/><\/figure>\n\n\n\n<p><em><mark style=\"background-color:rgba(0, 0, 0, 0)\" class=\"has-inline-color has-custom-rouge-fonc-color\">en chantier, w<\/mark><\/em><mark style=\"background-color:rgba(0, 0, 0, 0)\" class=\"has-inline-color has-custom-rouge-fonc-color\"><em>agon actuellement dans l&rsquo;atelier de reprofilage<\/em><\/mark><\/p>\n<\/div>\n\n\n\n<p>Ce wagon sp\u00e9cialis\u00e9 est l\u2019un des plus charg\u00e9s de tout le train. J\u2019y pr\u00e9sente une liste de liens internet externes choisis par mes soins pour agr\u00e9menter mes s\u00e9ances de v\u00e9lorail virtuel. En fait, il s\u2019agit de mes superbes balades \u00e0 v\u00e9lo en parcourant les rails du monde entier.<\/p>\n\n\n\n<p>L\u2019objectif est de pratiquer un exercice physique en int\u00e9rieur, notamment les jours de mauvaise m\u00e9t\u00e9o, en enfourchant mon v\u00e9lo d\u2019appartement dispos\u00e9 devant l\u2019\u00e9cran de l\u2019ordinateur. Pour me motiver, je visionne des vid\u00e9os montrant le d\u00e9filement de la voie ferr\u00e9e et de son paysage environnant, comme si j\u2019\u00e9tais assis dans la cabine \u00e0 c\u00f4t\u00e9 du conducteur.<\/p>\n\n\n\n<p>J\u2019utilise, par exemple, des DVD des collections \u00ab Locovision \u00bb (\u00e9ditions du Cabri), \u00ab Aux commandes de \u2026 \u00bb ou fournis avec le magazine \u00ab Rail Passion \u00bb (\u00e9ditions La Vie du Rail). Je regarde aussi, en streaming sur internet, les tr\u00e8s nombreuses vid\u00e9os de lignes fran\u00e7aises et du monde entier que je trouve en recherchant par \u00ab en cabine de conduite \u00bb, \u00ab cab view \u00bb ou \u00ab cab ride \u00bb.<\/p>\n\n\n\n<p>Certaines me semblent critiquables (avis tr\u00e8s subjectif) \u00e0 cause, par exemple :<br>* de la m\u00e9t\u00e9o (pluie, brouillard\u2026)<br>* de la qualit\u00e9 d\u2019image (floue, tremblement, pare-brise sale, cadrage r\u00e9ducteur, essuie-glace trop visible\u2026)<br>* de la qualit\u00e9 de son (commentaires pas en fran\u00e7ais, inopportuns, pas assez d\u00e9taill\u00e9s ou trop longs, bruits parasites, musique de fond g\u00eanante\u2026)<br>* de paysage monotone (lignes rectilignes en plaine\u2026)<br>* d\u2019une dur\u00e9e trop courte ou de temps d\u2019arr\u00eat en gare non raccourcis<br>* de choix (ou n\u00e9cessit\u00e9s) de production (diffus\u00e9es en vitesse acc\u00e9l\u00e9r\u00e9e, film\u00e9es depuis la queue du train et diffus\u00e9es en marche arri\u00e8re, film\u00e9es exclusivement par les vitres lat\u00e9rales&#8230;)<\/p>\n\n\n\n<p>En revanche, d\u2019autres vid\u00e9os sont tr\u00e8s attractives \u00e0 mes yeux :<br>* m\u00e9t\u00e9o superbe :<br>* qualit\u00e9 d\u2019image irr\u00e9prochable<br>* magnifiques paysages (montagnes, lacs\u2026)<br>* annotations ou commentaires pertinents avec (en particulier dans celles plus r\u00e9centes) des informations tr\u00e8s bien venues incrust\u00e9es dans l\u2019image (vitesse \u00e0 respecter, signalisation vue par le conducteur, informations g\u00e9ographiques sur l\u2019environnement, les bifurcations, les gares, les tunnels et les viaducs\u2026)<br>* dur\u00e9e pouvant aller jusqu\u2019\u00e0 plusieurs heures n\u00e9cessitant plusieurs jours pour les parcourir enti\u00e8rement<\/p>\n\n\n\n<p><a href=\"https:\/\/letraindepapicoco.ovh\/index.php\/4-velorail-virtuel\/\"><em><mark style=\"background-color:rgba(0, 0, 0, 0)\" class=\"has-inline-color has-custom-vert-fade-color\">Haut de page<\/mark><\/em><\/a><\/p>\n\n\n\n<p>Cette liste n\u2019est \u00e9videmment pas exhaustive. C\u2019est un choix personnel parmi beaucoup d\u2019autres. Par simplicit\u00e9, je n\u2019ai repris dans mon classement , ni le nom de l&rsquo;auteur, ni le nom de la cha\u00eene, ni le titre exact, ni l&rsquo;engin moteur, ni le type de convoi, ni l\u2019itin\u00e9raire, ni la date de tournage (tous ces renseignements \u00e9tant, en principe, accessibles \u00e0 partir de la page qui s\u2019ouvre avec le lien). En g\u00e9n\u00e9ral, je n\u2019ai mentionn\u00e9 que le parcours de la ville de d\u00e9part \u00e0 ville d\u2019arriv\u00e9e, la dur\u00e9e et l\u2019intitul\u00e9 complet du lien internet.<\/p>\n\n\n\n<p>A contre c\u0153ur, je limite volontairement le nombre de liens pr\u00e9sents \u00e0 l&rsquo;int\u00e9rieur des pages internet en <mark style=\"background-color:rgba(0, 0, 0, 0)\" class=\"has-inline-color has-custom-rouge-fonc-color\">.php<\/mark>, afin de minimiser le risque de saturation de la base de donn\u00e9es pouvant entrainer un d\u00e9raillement (cela s&rsquo;est d\u00e9j\u00e0 produit). Mes listes d&rsquo;URL sont donc transcrites dans des fichiers <mark style=\"background-color:rgba(0, 0, 0, 0)\" class=\"has-inline-color has-custom-rouge-fonc-color\">.htm<\/mark>. Pour en savoir plus \u00e0 ce sujet, je sugg\u00e8re aux internautes de monter dans les wagonnets <mark style=\"background-color:rgba(0, 0, 0, 0)\" class=\"has-inline-color has-custom-bleu-fonc-propos-color\"><strong>historique<\/strong><\/mark> et <strong><mark style=\"background-color:rgba(0, 0, 0, 0)\" class=\"has-inline-color has-custom-bleu-fonc-propos-color\">informations<\/mark><\/strong> (en particulier dans leurs lorries <strong><em><mark style=\"background-color:#fff200\" class=\"has-inline-color has-custom-rouge-titre-color\">r\u00e9cents<\/mark><\/em><\/strong>, <strong><em><mark style=\"background-color:#0000ff\" class=\"has-inline-color has-custom-turquoise-color\">avertissements<\/mark><\/em><\/strong> et <strong><em><mark style=\"background-color:#0000ff\" class=\"has-inline-color has-custom-turquoise-color\">contact &amp; mentions l\u00e9gales<\/mark><\/em><\/strong>) pour s\u2019enqu\u00e9rir d\u2019informations importantes relatives, par exemple, aux travaux en cours, au choix techniques et \u00e0 l\u2019utilisations des liens internet externes, ainsi qu\u2019\u00e0 la possibilit\u00e9 \u00e9ventuelle de me joindre en cas de constat d\u2019anomalie.<\/p>\n\n\n\n<p>Bien qu\u2019ayant proc\u00e9d\u00e9 \u00e0 des v\u00e9rifications d\u00e9but 2026 (avec suppression de liens ne donnant plus un acc\u00e8s direct aux vid\u00e9os), il se pourrait que de nouveaux liens ne fonctionnent plus, du fait de leur auteur, metteur en ligne, h\u00e9bergeur ou de ma part (oubli ou erreur toujours possible) avec, par exemple, l\u2019apparition de message comme \u00ab <mark style=\"background-color:rgba(0, 0, 0, 0)\" class=\"has-inline-color has-custom-rouge-fonc-color\">cette vid\u00e9o n\u2019est plus disponible<\/mark> \u00bb (suppression pure et simple ?) ou \u00ab <mark style=\"background-color:rgba(0, 0, 0, 0)\" class=\"has-inline-color has-custom-rouge-fonc-color\">vid\u00e9o priv\u00e9, se connecter<\/mark> \u00bb (identifiant et mot de passe d\u00e9sormais n\u00e9cessaires ?).<\/p>\n\n\n\n<p>Quelques remarques g\u00e9n\u00e9rales :<br>* certains \u00e9diteurs ont tron\u00e7onn\u00e9 leur films pour les pr\u00e9senter en plusieurs vid\u00e9os distinctes plus courtes ; chacune \u00e9tant alors affubl\u00e9e d\u2019une mention <mark style=\"background-color:rgba(0, 0, 0, 0)\" class=\"has-inline-color has-custom-rouge-fonc-color\">Partie 1<\/mark>, <mark style=\"background-color:rgba(0, 0, 0, 0)\" class=\"has-inline-color has-custom-rouge-fonc-color\">Partie 2<\/mark> etc.<br>* plusieurs vid\u00e9os peuvent montrer une m\u00eame ligne, mais dans diff\u00e9rentes conditions, par exemple, en \u00e9t\u00e9 et sous la neige, de jour et de nuit, \u00e9poque de tournage ancienne et r\u00e9cente (donc mat\u00e9riel roulant et infrastructure ayant \u00e9volu\u00e9s) ; dans ce cas, la 2<sup>\u00e8me<\/sup> comporte la mention <mark style=\"background-color:rgba(0, 0, 0, 0)\" class=\"has-inline-color has-custom-rouge-fonc-color\">(bis)<\/mark> :<br>* il peut figurer des annotations compl\u00e9mentaires (appellation notoire de la ligne) (mat\u00e9riel particulier) etc.<br>* des vid\u00e9os peuvent contenir, \u00e0 la fois, les trajets aller et retour entre 2 villes (parfois avec un itin\u00e9raire diff\u00e9rent), dans ce cas je n&rsquo;indique que la ville de d\u00e9part et la ville ou le train fait demi-tour <br>* apr\u00e8s les lignes en <strong><a href=\"https:\/\/letraindepapicoco.ovh\/wp-content\/uploads\/2026\/05\/lt2pc119.htm\"><em><mark style=\"background-color:#0000ff\" class=\"has-inline-color has-custom-turquoise-color\">France<\/mark><\/em><\/a><\/strong>, les lignes \u00e9trang\u00e8res sont class\u00e9es dans l\u2019ordre alphab\u00e9tique des <strong><em><mark style=\"background-color:#0000ff\" class=\"has-inline-color has-custom-turquoise-color\">autres pays<\/mark><\/em><\/strong> (environ une trentaine retenue dans mes choix)<br>* Dans chaque pays, les lignes sont class\u00e9es dans l\u2019ordre alphab\u00e9tique de la ville de d\u00e9part ou, parfois, du nom de la ligne (par exemple, <em><mark style=\"background-color:rgba(0, 0, 0, 0)\" class=\"has-inline-color has-custom-rouge-fonc-color\">Train \u00e0 Vapeur des C\u00e9vennes<\/mark><\/em>) :<br>* en g\u00e9n\u00e9ral, les lignes transfrontali\u00e8res sont class\u00e9es dans le pays o\u00f9 se situe la gare de d\u00e9part, m\u00eame si le trajet dans ce pays est minime par rapport \u00e0 celui effectu\u00e9 dans le pays voisin (par exemple, Modane \u2192 Turin est class\u00e9 en <strong><a href=\"https:\/\/letraindepapicoco.ovh\/wp-content\/uploads\/2026\/05\/lt2pc119.htm\"><em><mark style=\"background-color:#0000ff\" class=\"has-inline-color has-custom-turquoise-color\">France<\/mark><\/em><\/a><\/strong>, mais Vintimille \u2192 Grasse est class\u00e9e en Italie, dans les <strong><em><mark style=\"background-color:#0000ff\" class=\"has-inline-color has-custom-turquoise-color\">autres pays<\/mark><\/em><\/strong>).<\/p>\n\n\n\n<p>Les liens vers les vid\u00e9os sont, en g\u00e9n\u00e9ral, extraits des listes r\u00e9pertori\u00e9es dans l\u2019\u00e9cran d\u2019accueil des <strong><em><mark style=\"background-color:#0000ff\" class=\"has-inline-color has-custom-turquoise-color\">cha\u00eenes<\/mark><\/em><\/strong> propos\u00e9es par les \u00e9diteurs. Celles que j\u2019ai consult\u00e9es sont, soit vraiment d\u00e9di\u00e9es \u00e0 ce genre de vid\u00e9o, soit plus ou moins g\u00e9n\u00e9ralistes avec parfois des sujets qui sont absolument sans rapport avec les trains. On n\u2019est pas \u00e0 l\u2019abri de surprise, donc chaque internaute doit \u00eatre vigilant et v\u00e9rifier au cas par cas car, \u00e9videmment, je n\u2019ai pas visionn\u00e9 toutes les vid\u00e9os propos\u00e9es dans ces <strong><em><mark style=\"background-color:#0000ff\" class=\"has-inline-color has-custom-turquoise-color\">cha\u00eenes<\/mark><\/em><\/strong> et j\u2019ignore si elles s\u2019adressent \u00e0 tout public.<\/p>\n\n\n\n<p>Ces <strong><em><mark style=\"background-color:#0000ff\" class=\"has-inline-color has-custom-turquoise-color\">cha\u00eenes<\/mark><\/em><\/strong>, r\u00e9pertori\u00e9es dans un fichier s\u00e9par\u00e9, peuvent proposer un nombre tr\u00e8s variable de vid\u00e9os, d\u2019une seule jusqu\u2019\u00e0 plusieurs centaines. Certaines ne pr\u00e9sentent que des lignes d\u2019une seule r\u00e9gion ou d\u2019un seul pays, alors que d\u2019autres sont beaucoup plus cosmopolites. Il se peut que j\u2019ai oubli\u00e9 d&rsquo;en r\u00e9pertorier certaines, bien que je pr\u00e9sente des lignes qui y figurent et, inversement, il se peut que certaines y figurent alors que je n\u2019en pr\u00e9sente aucune ligne. Il en existe beaucoup d&rsquo;autres et la s\u00e9lection que je propose est toujours mon choix personnel, qui peut aussi \u00eatre dict\u00e9 par les soucis li\u00e9s au volume de la base de donn\u00e9es (voir le probl\u00e8me \u00e9voqu\u00e9 pr\u00e9c\u00e9demment).<\/p>\n\n\n\n<div class=\"wp-block-group is-nowrap is-layout-flex wp-container-core-group-is-layout-c0d5ccf6 wp-block-group-is-layout-flex\">\n<figure class=\"wp-block-image size-full\"><a href=\"https:\/\/letraindepapicoco.ovh\/index.php\/4-velorail-virtuel\/\"><img loading=\"lazy\" decoding=\"async\" width=\"264\" height=\"90\" src=\"https:\/\/letraindepapicoco.ovh\/wp-content\/uploads\/2025\/12\/velorail-2026.jpg\" alt=\"\" class=\"wp-image-5392\"\/><\/a><\/figure>\n\n\n\n<figure class=\"wp-block-image size-full\"><a href=\"https:\/\/letraindepapicoco.ovh\/wp-content\/uploads\/2026\/05\/lt2pc119.htm\"><img loading=\"lazy\" decoding=\"async\" width=\"120\" height=\"90\" src=\"https:\/\/letraindepapicoco.ovh\/wp-content\/uploads\/2026\/05\/france.jpg\" alt=\"\" class=\"wp-image-8413\"\/><\/a><\/figure>\n\n\n\n<figure class=\"wp-block-image size-full\"><img loading=\"lazy\" decoding=\"async\" width=\"184\" height=\"90\" src=\"https:\/\/letraindepapicoco.ovh\/wp-content\/uploads\/2026\/05\/autrespays.jpg\" alt=\"\" class=\"wp-image-8414\"\/><\/figure>\n\n\n\n<figure class=\"wp-block-image size-full\"><img loading=\"lazy\" decoding=\"async\" width=\"128\" height=\"90\" src=\"https:\/\/letraindepapicoco.ovh\/wp-content\/uploads\/2026\/02\/chaines.jpg\" alt=\"\" class=\"wp-image-7388\"\/><\/figure>\n<\/div>\n\n\n\n<p><a href=\"https:\/\/letraindepapicoco.ovh\/index.php\/4-velorail-virtuel\/\"><em><mark style=\"background-color:rgba(0, 0, 0, 0)\" class=\"has-inline-color has-custom-vert-fade-color\">Haut de page<\/mark><\/em><\/a><br><a href=\"https:\/\/letraindepapicoco.ovh\/index.php\/#plandusite\"><em><mark style=\"background-color:rgba(0, 0, 0, 0)\" class=\"has-inline-color has-custom-vert-fade-color\">Retour<\/mark><\/em> <\/a><strong><a href=\"https:\/\/letraindepapicoco.ovh\/index.php\/#plandusite\"><mark style=\"background-color:#ffffff\" class=\"has-inline-color has-custom-bleu-tr-s-fonc-color\">plan du site<\/mark><\/a><\/strong><br><a href=\"https:\/\/letraindepapicoco.ovh\/\"><em><mark style=\"background-color:rgba(0, 0, 0, 0)\" class=\"has-inline-color has-custom-vert-fade-color\">Retour <\/mark><\/em><strong><mark style=\"background-color:#3f48cc\" class=\"has-inline-color has-custom-blanc-color\">accueil<\/mark><\/strong><\/a><\/p>\n\n\n\n<hr class=\"wp-block-separator has-alpha-channel-opacity\"\/>\n\n\n\n<p><mark style=\"background-color:rgba(0, 0, 0, 0)\" class=\"has-inline-color has-primary-color\">Page modifi\u00e9e le 05\/05\/26 \u00a9 Papi Coco 2002 &#8211; 2026<\/mark><\/p>\n\n\n\n<hr class=\"wp-block-separator has-alpha-channel-opacity\"\/>\n\n\n\n<p><\/p>\n","protected":false},"excerpt":{"rendered":"<p>en chantier, wagon actuellement dans l&rsquo;atelier de reprofilage Ce wagon sp\u00e9cialis\u00e9 est l\u2019un des plus charg\u00e9s de tout le train. J\u2019y pr\u00e9sente une liste de liens internet externes choisis par mes soins pour agr\u00e9menter mes s\u00e9ances de v\u00e9lorail virtuel. En fait, il s\u2019agit de mes superbes balades \u00e0 v\u00e9lo en parcourant les rails du monde [&hellip;]<\/p>\n","protected":false},"author":1,"featured_media":0,"parent":0,"menu_order":0,"comment_status":"closed","ping_status":"closed","template":"","meta":{"footnotes":""},"class_list":["post-8379","page","type-page","status-publish","hentry"],"_links":{"self":[{"href":"https:\/\/letraindepapicoco.ovh\/index.php\/wp-json\/wp\/v2\/pages\/8379","targetHints":{"allow":["GET"]}}],"collection":[{"href":"https:\/\/letraindepapicoco.ovh\/index.php\/wp-json\/wp\/v2\/pages"}],"about":[{"href":"https:\/\/letraindepapicoco.ovh\/index.php\/wp-json\/wp\/v2\/types\/page"}],"author":[{"embeddable":true,"href":"https:\/\/letraindepapicoco.ovh\/index.php\/wp-json\/wp\/v2\/users\/1"}],"replies":[{"embeddable":true,"href":"https:\/\/letraindepapicoco.ovh\/index.php\/wp-json\/wp\/v2\/comments?post=8379"}],"version-history":[{"count":24,"href":"https:\/\/letraindepapicoco.ovh\/index.php\/wp-json\/wp\/v2\/pages\/8379\/revisions"}],"predecessor-version":[{"id":8421,"href":"https:\/\/letraindepapicoco.ovh\/index.php\/wp-json\/wp\/v2\/pages\/8379\/revisions\/8421"}],"wp:attachment":[{"href":"https:\/\/letraindepapicoco.ovh\/index.php\/wp-json\/wp\/v2\/media?parent=8379"}],"curies":[{"name":"wp","href":"https:\/\/api.w.org\/{rel}","templated":true}]}}